{"id":117,"date":"2020-02-16T08:59:52","date_gmt":"2020-02-16T08:59:52","guid":{"rendered":"http:\/\/parafiaslawa.pl\/?page_id=117"},"modified":"2026-05-04T07:25:33","modified_gmt":"2026-05-04T07:25:33","slug":"zapowiedzi-przedlazenskie","status":"publish","type":"page","link":"http:\/\/parafiaslawa.pl\/?page_id=117","title":{"rendered":"ZAPOWIEDZI PRZEDMA\u0141\u017bE\u0143SKIE"},"content":{"rendered":"<div class=\"\" style=\"\" >\n    \n    <section class=\"u-align-center u-clearfix u-container-align-center u-palette-3-base u-section-2\" id=\"sec-5dc6\">\n      <div class=\"u-clearfix u-sheet u-sheet-1\">\n        <h2 class=\"u-text u-text-1\" data-animation-name=\"fadeIn\" data-animation-duration=\"2500\" data-animation-delay=\"1000\">ZAPOWIEDZI PRZEDMA\u0141\u017bE\u0143SKIE<\/h2>\n      <\/div>\n    <\/section>\n    <section class=\"u-align-left u-clearfix u-container-align-left u-section-3\" id=\"sec-f971\">\n      <div class=\"u-clearfix u-sheet u-sheet-1\">\n        <lt-highlighter style=\"display: none; z-index: 1 !important;\">\n          <lt-div spellcheck=\"false\" class=\"lt-highlighter__wrapper\" style=\"width: 380px; height: 75px; margin-top: 20px;\">\n            <canvas class=\"lt-highlighter__canvas\" style=\"display: none; margin-top: 0px; margin-left: 0px;\" width=\"300\" height=\"75\"><\/canvas>\n          <\/lt-div>\n        <\/lt-highlighter>\n        <p class=\"u-text u-text-1\"> 1..\tAdamczak Mi\u0142osz, zam. \u0141upice <br>Zborowska Natalia, zam. Lubogoszcz&nbsp; &nbsp; &nbsp; &nbsp; &nbsp; &nbsp; &nbsp; &nbsp; &nbsp; &nbsp; &nbsp; &nbsp; &nbsp; &nbsp; &nbsp; &nbsp; &nbsp; &nbsp; &nbsp; &nbsp; &nbsp; &nbsp; &nbsp; zap. 3<br>&nbsp;<br>\n        <\/p>\n      <\/div>\n    <\/section>\n    <section class=\"u-clearfix u-section-4\" id=\"sec-9cd8\">\n      <div class=\"u-clearfix u-sheet u-sheet-1\">\n        <div class=\"u-align-center u-border-3 u-border-palette-3-base u-line u-line-horizontal u-line-1\"><\/div>\n      <\/div>\n    <\/section>\n    \n    \n    \n  \n<\/div>","protected":false},"excerpt":{"rendered":"<p>ZAPOWIEDZI PRZEDMA\u0141\u017bE\u0143SKIE 1.. Adamczak Mi\u0142osz, zam. \u0141upice Zborowska Natalia, zam. Lubogoszcz&nbsp; &nbsp; &nbsp; &nbsp; &nbsp; &nbsp; &nbsp; &nbsp; &nbsp; &nbsp; &nbsp; &nbsp; &nbsp; &nbsp; &nbsp; &nbsp; &nbsp; &nbsp; &nbsp; &nbsp; &nbsp; &nbsp; &nbsp; zap. 3&nbsp;<\/p>\n","protected":false},"author":1,"featured_media":0,"parent":113,"menu_order":2,"comment_status":"closed","ping_status":"closed","template":"","meta":{"footnotes":""},"_links":{"self":[{"href":"http:\/\/parafiaslawa.pl\/index.php?rest_route=\/wp\/v2\/pages\/117"}],"collection":[{"href":"http:\/\/parafiaslawa.pl\/index.php?rest_route=\/wp\/v2\/pages"}],"about":[{"href":"http:\/\/parafiaslawa.pl\/index.php?rest_route=\/wp\/v2\/types\/page"}],"author":[{"embeddable":true,"href":"http:\/\/parafiaslawa.pl\/index.php?rest_route=\/wp\/v2\/users\/1"}],"replies":[{"embeddable":true,"href":"http:\/\/parafiaslawa.pl\/index.php?rest_route=%2Fwp%2Fv2%2Fcomments&post=117"}],"version-history":[{"count":144,"href":"http:\/\/parafiaslawa.pl\/index.php?rest_route=\/wp\/v2\/pages\/117\/revisions"}],"predecessor-version":[{"id":1695,"href":"http:\/\/parafiaslawa.pl\/index.php?rest_route=\/wp\/v2\/pages\/117\/revisions\/1695"}],"up":[{"embeddable":true,"href":"http:\/\/parafiaslawa.pl\/index.php?rest_route=\/wp\/v2\/pages\/113"}],"wp:attachment":[{"href":"http:\/\/parafiaslawa.pl\/index.php?rest_route=%2Fwp%2Fv2%2Fmedia&parent=117"}],"curies":[{"name":"wp","href":"https:\/\/api.w.org\/{rel}","templated":true}]}}